{"id":94,"date":"2024-05-15T06:40:55","date_gmt":"2024-05-15T06:40:55","guid":{"rendered":"https:\/\/dichvusuacuasaigon.com\/?page_id=94"},"modified":"2024-06-11T16:31:16","modified_gmt":"2024-06-11T09:31:16","slug":"lien-he","status":"publish","type":"page","link":"https:\/\/dichvusuacuasaigon.com\/index.php\/lien-he\/","title":{"rendered":"Li\u00ean h\u1ec7"},"content":{"rendered":"\n<p class=\"has-text-align-center\"><strong>D\u1ecaCH V\u1ee4 S\u1eecA C\u1eecA S\u00c0I G\u00d2N<\/strong><\/p>\n\n\n\n<p class=\"has-text-align-center\"><strong>X\u01b0\u1edfng S\u1ea3n Xu\u1ea5t: 1 \u0111\u01b0\u1eddng 2c, KCN V\u0129nh L\u1ed9c, B\u00ecnh H\u01b0ng Ho\u00e0 B, B\u00ecnh T\u00e2n, TPHCM<\/strong><\/p>\n\n\n\n<p class=\"has-text-align-center\"><strong>Hotline: 0901 371 781 ho\u1eb7c 0939 058 465 (H\u01b0ng)<\/strong><\/p>\n\n\n\n<p class=\"has-text-align-center\"><strong>Web: dichvusuacuasaigon.com<\/strong><\/p>\n\n\n\n<p class=\"has-text-align-center\"><strong>Gmail: dichvusuacuasaigon@gmail.com<\/strong><\/p>\n","protected":false},"excerpt":{"rendered":"<p>D\u1ecaCH V\u1ee4 S\u1eecA C\u1eecA S\u00c0I G\u00d2N X\u01b0\u1edfng S\u1ea3n Xu\u1ea5t: 1 \u0111\u01b0\u1eddng 2c, KCN V\u0129nh L\u1ed9c,<\/p>\n","protected":false},"author":1,"featured_media":0,"parent":0,"menu_order":0,"comment_status":"closed","ping_status":"closed","template":"","meta":{"footnotes":""},"class_list":["post-94","page","type-page","status-publish","hentry"],"_links":{"self":[{"href":"https:\/\/dichvusuacuasaigon.com\/index.php\/wp-json\/wp\/v2\/pages\/94","targetHints":{"allow":["GET"]}}],"collection":[{"href":"https:\/\/dichvusuacuasaigon.com\/index.php\/wp-json\/wp\/v2\/pages"}],"about":[{"href":"https:\/\/dichvusuacuasaigon.com\/index.php\/wp-json\/wp\/v2\/types\/page"}],"author":[{"embeddable":true,"href":"https:\/\/dichvusuacuasaigon.com\/index.php\/wp-json\/wp\/v2\/users\/1"}],"replies":[{"embeddable":true,"href":"https:\/\/dichvusuacuasaigon.com\/index.php\/wp-json\/wp\/v2\/comments?post=94"}],"version-history":[{"count":2,"href":"https:\/\/dichvusuacuasaigon.com\/index.php\/wp-json\/wp\/v2\/pages\/94\/revisions"}],"predecessor-version":[{"id":264,"href":"https:\/\/dichvusuacuasaigon.com\/index.php\/wp-json\/wp\/v2\/pages\/94\/revisions\/264"}],"wp:attachment":[{"href":"https:\/\/dichvusuacuasaigon.com\/index.php\/wp-json\/wp\/v2\/media?parent=94"}],"curies":[{"name":"wp","href":"https:\/\/api.w.org\/{rel}","templated":true}]}}