{"id":35,"date":"2024-05-15T06:30:06","date_gmt":"2024-05-15T06:30:06","guid":{"rendered":"https:\/\/dichvusuacuasaigon.com\/?page_id=35"},"modified":"2024-06-09T17:44:25","modified_gmt":"2024-06-09T10:44:25","slug":"cua-nhua-loi-thep","status":"publish","type":"page","link":"https:\/\/dichvusuacuasaigon.com\/index.php\/cua-nhua-loi-thep\/","title":{"rendered":"C\u1eeda nh\u1ef1a l\u00f5i th\u00e9p"},"content":{"rendered":"\n<p><strong><br><\/strong><\/p>\n\n\n\n<div class=\"wp-block-media-text alignwide has-media-on-the-right is-stacked-on-mobile is-vertically-aligned-center\"><div class=\"wp-block-media-text__content\">\n<p><\/p>\n\n\n\n<p><strong>C\u1eeda nh\u1ef1a l\u00f5i th\u00e9p<\/strong> c\u0169ng nh\u01b0 c\u00e1c lo\u1ea1i c\u1eeda kh\u00e1c sau m\u1ed9t th\u1eddi gian s\u1eed d\u1ee5ng s\u1ebd g\u1eb7p nh\u1eefng s\u1ef1 c\u1ed1 h\u01b0 h\u1ecfng. D\u01b0\u1edbi \u0111\u00e2y l\u00e0 nh\u1eefng tr\u01b0\u1eddng h\u1ee3p h\u01b0 h\u1ecfng c\u1ea7n s\u1eeda ch\u1eefa kh\u1eafc ph\u1ee5c<br><br>1. C\u00e1c tr\u01b0\u1eddng h\u1ee3p b\u1ecb x\u1ec7 c\u00e1nh \u1edf t\u1ea5t c\u1ea3 c\u00e1c lo\u1ea1i c\u1eeda \u0111i, nh\u1ea5t l\u00e0 c\u1eeda ch\u00ednh 4 c\u00e1nh.<\/p>\n\n\n\n<p>     2. Ch\u1ec9nh s\u1eeda c\u1eeda kh\u00f3 kh\u00f3a, \u0111\u00f3ng m\u1edf b\u1ecb c\u1ea5n, v\u01b0\u1edbng, ch\u1ed1t kh\u00f4ng \u0103n.<\/p>\n\n\n\n<p>3. Di d\u1eddi v\u1ecb tr\u00ed l\u1eafp c\u1eeda , chuy\u1ec3n \u0111\u1ed5i h\u1ec7 c\u1eeda \u201d t\u1eeb c\u1eeda m\u1edf sang c\u1eeda l\u00f9a v\u00e0 ng\u01b0\u1ee3c l\u1ea1i, t\u1eeb v\u00e1ch k\u00ednh sang c\u1eeda \u201d<\/p>\n\n\n\n<p>    4. Thay th\u1ebf c\u1eeda c\u0169 , v\u1ec7 sinh c\u1eeda s\u1eed d\u1ee5ng l\u00e2u n\u0103m b\u1eb1ng dung m\u00f4i chuy\u00ean d\u00f9ng.<\/p>\n\n\n\n<p>    5. Thay th\u1ebf l\u1eafp \u0111\u1eb7t b\u1ea3n l\u1ec1 3D b\u1ecb g\u00e3y, b\u1ecb h\u01b0 h\u1ecfng, ho\u1eb7c n\u00e2ng c\u1ea5p l\u00ean lo\u1ea1i b\u1ea3n l\u1ec1 t\u1ed1t h\u01a1n.<\/p>\n\n\n\n<p>    6. Thay th\u1ebf kh\u00f3a b\u1ecb g\u00e3y tay n\u1eafm, kh\u00f3a b\u1ecb h\u01b0 h\u1ecfng cho t\u1ea5t c\u1ea3 c\u00e1c c\u1eeda s\u1ed5 v\u00e0 c\u1eeda \u0111i.<\/p>\n\n\n\n<p>    7. Thay th\u1ebf c\u00e1c ch\u1ed1t c\u1eeda b\u1ecb g\u00e3y, ho\u1eb7c thay th\u1ebf sang lo\u1ea1i ch\u1ed1t c\u1eeda t\u1ed1t h\u01a1n<\/p>\n\n\n\n<p>    8. Di d\u1eddi, th\u00e1o d\u1ee1, l\u1eafp \u0111\u1eb7t c\u1eeda nh\u1ef1a l\u00f5i th\u00e9p sang v\u1ecb tr\u00ed m\u1edbi.<\/p>\n\n\n\n<p>    9. Thay th\u1ebf k\u00ednh b\u1ecb v\u1ee1, x\u1eed l\u00fd k\u00ednh h\u1ed9p b\u1ecb \u0111\u1ecdng n\u01b0\u1edbc, thay th\u1ebf k\u00ednh gh\u00e9p b\u1ecb r\u1ed9p keo.<\/p>\n\n\n\n<p>   10. B\u1ea3o tr\u00ec b\u1ea3o d\u01b0\u1ee1ng to\u00e0n b\u1ed9 h\u1ec7 th\u1ed1ng c\u1eeda nh\u1ef1a l\u00f5i th\u00e9p theo \u0111\u1ecbnh k\u1ef3.<\/p>\n\n\n\n<p>11. Cung c\u1ea5p c\u00e1c gi\u1ea3i ph\u00e1p t\u0103ng t\u00ednh an to\u00e0n ch\u1ed1ng tr\u1ed9m cho c\u1eeda nh\u1ef1a l\u00f5i th\u00e9p .<\/p>\n<\/div><figure class=\"wp-block-media-text__media\"><img loading=\"lazy\" decoding=\"async\" width=\"600\" height=\"683\" src=\"https:\/\/dichvusuacuasaigon.com\/wp-content\/uploads\/2024\/06\/cua-nhua-loi-thep-38.jpg\" alt=\"\" class=\"wp-image-259 size-full\"\/><\/figure><\/div>\n","protected":false},"excerpt":{"rendered":"<p>C\u1eeda nh\u1ef1a l\u00f5i th\u00e9p c\u0169ng nh\u01b0 c\u00e1c lo\u1ea1i c\u1eeda kh\u00e1c sau m\u1ed9t th\u1eddi gian s\u1eed<\/p>\n","protected":false},"author":1,"featured_media":0,"parent":0,"menu_order":0,"comment_status":"closed","ping_status":"closed","template":"","meta":{"footnotes":""},"class_list":["post-35","page","type-page","status-publish","hentry"],"_links":{"self":[{"href":"https:\/\/dichvusuacuasaigon.com\/index.php\/wp-json\/wp\/v2\/pages\/35","targetHints":{"allow":["GET"]}}],"collection":[{"href":"https:\/\/dichvusuacuasaigon.com\/index.php\/wp-json\/wp\/v2\/pages"}],"about":[{"href":"https:\/\/dichvusuacuasaigon.com\/index.php\/wp-json\/wp\/v2\/types\/page"}],"author":[{"embeddable":true,"href":"https:\/\/dichvusuacuasaigon.com\/index.php\/wp-json\/wp\/v2\/users\/1"}],"replies":[{"embeddable":true,"href":"https:\/\/dichvusuacuasaigon.com\/index.php\/wp-json\/wp\/v2\/comments?post=35"}],"version-history":[{"count":7,"href":"https:\/\/dichvusuacuasaigon.com\/index.php\/wp-json\/wp\/v2\/pages\/35\/revisions"}],"predecessor-version":[{"id":261,"href":"https:\/\/dichvusuacuasaigon.com\/index.php\/wp-json\/wp\/v2\/pages\/35\/revisions\/261"}],"wp:attachment":[{"href":"https:\/\/dichvusuacuasaigon.com\/index.php\/wp-json\/wp\/v2\/media?parent=35"}],"curies":[{"name":"wp","href":"https:\/\/api.w.org\/{rel}","templated":true}]}}