{"id":215,"date":"2024-06-02T10:40:59","date_gmt":"2024-06-02T03:40:59","guid":{"rendered":"https:\/\/dichvusuacuasaigon.com\/?page_id=215"},"modified":"2024-10-15T15:56:06","modified_gmt":"2024-10-15T08:56:06","slug":"gioi-thieu-3","status":"publish","type":"page","link":"https:\/\/dichvusuacuasaigon.com\/","title":{"rendered":"Gi\u1edbi Thi\u1ec7u"},"content":{"rendered":"\n<p class=\"has-text-align-center has-vivid-red-color has-text-color has-link-color has-small-font-size wp-elements-005c077cd0fc86dce4ddd20c003fd19a\"><strong>D\u1ecaCH V\u1ee4 S\u1eecA C\u1eecA S\u00c0I G\u00d2N<\/strong><br><strong>S\u1eecA C\u1eecA GI\u00c1 R\u1eba CH\u1ec8 T\u1eea 299.000\u0111\/BU\u1ed4I<\/strong><\/p>\n\n\n\n<!--more-->\n\n\n\n<p class=\"has-text-align-center has-vivid-green-cyan-color has-white-background-color has-text-color has-background has-link-color has-small-font-size wp-elements-77f51915256e94c2d6acef556757e0a7\"><strong>CHUY\u00caN S\u1eecA CH\u1eeeA C\u1eecA K\u00cdNH,&nbsp;C\u1eecA&nbsp;NH\u00d4M&nbsp;T\u1ea0I NH\u00c0 &amp; V\u0102N PH\u00d2NG KHU V\u1ef0C&nbsp;HCM<br>NGO\u00c0I RA C\u00d2N T\u01af V\u1ea4N &#8211; THI\u1ebeT K\u1ebe &#8211; THI C\u00d4NG L\u1eaeP \u0110\u1eb6T C\u00c1C LO\u1ea0I C\u1eecA<\/strong><\/p>\n\n\n\n<p class=\"has-text-align-center\"><strong>S\u1eeda ch\u1eefa c\u1eeda NH\u1ef0A L\u00d5I TH\u00c9P, nh\u00f4m Xingfa, b\u1ea3n l\u1ec1 \u00e2m s\u00e0n, b\u1ea3n l\u1ec1 k\u1eb9p, C\u1eeda k\u00ednh l\u00f9a treo, C\u1eeda C\u1eeda k\u00ednh nh\u00e0 t\u1eafm, C\u1eeda ph\u00f2ng, thay kinh v\u1ee1 V..v..<\/strong><strong><\/strong><\/p>\n\n\n\n<p class=\"has-text-align-center\"><strong>Nh\u1eadn th\u00e1o l\u1eafp di d\u1eddi v\u00e1ch k\u00ednh, c\u1eeda k\u00ednh, c\u1eeda nh\u00f4m c\u00e1c lo\u1ea1\u1ecb<\/strong><strong><\/strong><\/p>\n\n\n\n<p class=\"has-text-align-center\"><\/p>\n\n\n\n<p class=\"has-text-align-center\"><strong>Thay ph\u1ee5 ki\u1ec7n c\u1eeda b\u1ea3o h\u00e0nh t\u1eeb 1-5 n\u0103m theo h\u00e3ng<br>Thay c\u1eeda nh\u1ef1a l\u00f5i th\u00e9p b\u1eb1ng c\u1eeda nh\u00f4m Xingfa v\u1eabn t\u1eadn d\u1ee5ng k\u00ednh ti\u1ebft ki\u1ec7m t\u1ed1i \u0111a chi ph\u00ed cho Kh\u00e1ch H\u00e0ng<br>PH\u1ee4C V\u1ee4 24\/7, T7, CN v\u00e0 L\u1ec5 D\u1ecaCH V\u1ee4 S\u1eecA CH\u1eeeA C\u1eecA S\u00c0I G\u00d2N <\/strong>l\u00e0 \u0111\u01a1n v\u1ecb chuy\u00ean s\u1eeda ch\u1eefa t\u1ea5t c\u1ea3 c\u00e1c lo\u1ea1i c\u1eeda nh\u00f4m k\u00ednh uy t\u00edn, ch\u1ea5t l\u01b0\u1ee3ng khu v\u1ef1c TPHCM v\u00e0 c\u00e1c v\u00f9ng l\u00e2n c\u1eadn. V\u1edbi \u0111\u1ed9i ng\u0169 k\u1ef9 thu\u1eadt gi\u00e0u kinh nghi\u1ec7m trong l\u0129nh v\u1ef1c s\u1eeda ch\u1eefa v\u00e0 l\u1eafp \u0111\u1eb7t Nh\u00f4m K\u00ednh N\u1ed9i th\u1ea5t ch\u00fang t\u00f4i s\u1ebd mang l\u1ea1i cho qu\u00fd kh\u00e1ch h\u00e0ng nh\u1eefng s\u1ea3n ph\u1ea9m v\u1edbi ch\u1ea5t l\u01b0\u1ee3ng cao nh\u1ea5t trong th\u1eddi gian nhanh nh\u1ea5t, \u0111\u1ed9i ng\u0169 k\u1ef9 thu\u1eadt c\u00f3 m\u1eb7t \u1edf t\u1ea5t c\u1ea3 c\u00e1c chi nh\u00e1nh Qu\u1eadn huy\u1ec7n s\u1ebd c\u00f3 m\u1eb7t t\u1eadn n\u01a1i \u0111\u1ec3 ki\u1ec3m tra v\u00e0 h\u1ed7 tr\u1ee3 s\u1eeda ch\u1eefa. <strong><mark>CHI PH\u00cd T\u1eea 299.000\u0111<\/mark><\/strong>\/ bu\u1ed5i<br><br><\/p>\n\n\n\n<p><\/p>\n","protected":false},"excerpt":{"rendered":"<p>D\u1ecaCH V\u1ee4 S\u1eecA C\u1eecA S\u00c0I G\u00d2NS\u1eecA C\u1eecA GI\u00c1 R\u1eba CH\u1ec8 T\u1eea 299.000\u0111\/BU\u1ed4I<\/p>\n","protected":false},"author":1,"featured_media":375,"parent":0,"menu_order":0,"comment_status":"closed","ping_status":"closed","template":"","meta":{"footnotes":""},"class_list":["post-215","page","type-page","status-publish","has-post-thumbnail","hentry"],"_links":{"self":[{"href":"https:\/\/dichvusuacuasaigon.com\/index.php\/wp-json\/wp\/v2\/pages\/215","targetHints":{"allow":["GET"]}}],"collection":[{"href":"https:\/\/dichvusuacuasaigon.com\/index.php\/wp-json\/wp\/v2\/pages"}],"about":[{"href":"https:\/\/dichvusuacuasaigon.com\/index.php\/wp-json\/wp\/v2\/types\/page"}],"author":[{"embeddable":true,"href":"https:\/\/dichvusuacuasaigon.com\/index.php\/wp-json\/wp\/v2\/users\/1"}],"replies":[{"embeddable":true,"href":"https:\/\/dichvusuacuasaigon.com\/index.php\/wp-json\/wp\/v2\/comments?post=215"}],"version-history":[{"count":8,"href":"https:\/\/dichvusuacuasaigon.com\/index.php\/wp-json\/wp\/v2\/pages\/215\/revisions"}],"predecessor-version":[{"id":420,"href":"https:\/\/dichvusuacuasaigon.com\/index.php\/wp-json\/wp\/v2\/pages\/215\/revisions\/420"}],"wp:featuredmedia":[{"embeddable":true,"href":"https:\/\/dichvusuacuasaigon.com\/index.php\/wp-json\/wp\/v2\/media\/375"}],"wp:attachment":[{"href":"https:\/\/dichvusuacuasaigon.com\/index.php\/wp-json\/wp\/v2\/media?parent=215"}],"curies":[{"name":"wp","href":"https:\/\/api.w.org\/{rel}","templated":true}]}}