{"id":108,"date":"2024-05-15T06:48:55","date_gmt":"2024-05-15T06:48:55","guid":{"rendered":"https:\/\/dichvusuacuasaigon.com\/?page_id=108"},"modified":"2024-09-20T11:46:20","modified_gmt":"2024-09-20T04:46:20","slug":"cua-nhua-loi-thep-2","status":"publish","type":"page","link":"https:\/\/dichvusuacuasaigon.com\/index.php\/cua-nhua-loi-thep-2\/","title":{"rendered":"C\u1eeda Nh\u1ef1a l\u00f5i th\u00e9p"},"content":{"rendered":"\n<h3 class=\"wp-block-heading\">C\u1eeda Nh\u1ef1a L\u00f5i Th\u00e9p: Gi\u1ea3i Ph\u00e1p Hi\u1ec7n \u0110\u1ea1i Cho Ng\u00f4i Nh\u00e0 Ti\u1ec7n Nghi<\/h3>\n\n\n\n<p>C\u1eeda nh\u1ef1a l\u00f5i th\u00e9p, hay c\u00f2n g\u1ecdi l\u00e0 c\u1eeda nh\u1ef1a uPVC l\u00f5i th\u00e9p gia c\u01b0\u1eddng, \u0111ang tr\u1edf th\u00e0nh m\u1ed9t trong nh\u1eefng l\u1ef1a ch\u1ecdn ph\u1ed5 bi\u1ebfn cho c\u00e1c c\u00f4ng tr\u00ecnh x\u00e2y d\u1ef1ng hi\u1ec7n \u0111\u1ea1i, t\u1eeb nh\u00e0 \u1edf, c\u0103n h\u1ed9 cho \u0111\u1ebfn c\u00e1c t\u00f2a nh\u00e0 th\u01b0\u01a1ng m\u1ea1i. V\u1edbi nh\u1eefng \u01b0u \u0111i\u1ec3m v\u01b0\u1ee3t tr\u1ed9i v\u1ec1 t\u00ednh th\u1ea9m m\u1ef9, \u0111\u1ed9 b\u1ec1n cao, kh\u1ea3 n\u0103ng c\u00e1ch \u00e2m, c\u00e1ch nhi\u1ec7t t\u1ed1t, c\u1eeda nh\u1ef1a l\u00f5i th\u00e9p mang \u0111\u1ebfn gi\u1ea3i ph\u00e1p ho\u00e0n h\u1ea3o cho kh\u00f4ng gian s\u1ed1ng ti\u1ec7n nghi, an to\u00e0n v\u00e0 b\u1ec1n v\u1eefng.<\/p>\n\n\n\n<h4 class=\"wp-block-heading\">1. <strong>Gi\u1edbi thi\u1ec7u v\u1ec1 c\u1eeda nh\u1ef1a l\u00f5i th\u00e9p<\/strong><\/h4>\n\n\n\n<p>C\u1eeda nh\u1ef1a l\u00f5i th\u00e9p l\u00e0 lo\u1ea1i c\u1eeda \u0111\u01b0\u1ee3c l\u00e0m t\u1eeb ch\u1ea5t li\u1ec7u nh\u1ef1a uPVC, b\u00ean trong khung c\u1eeda c\u00f3 m\u1ed9t thanh l\u00f5i th\u00e9p gia c\u01b0\u1eddng \u0111\u1ec3 t\u0103ng c\u01b0\u1eddng \u0111\u1ed9 c\u1ee9ng c\u00e1p, gi\u00fap c\u1eeda ch\u1ecbu \u0111\u01b0\u1ee3c l\u1ef1c t\u00e1c \u0111\u1ed9ng m\u1ea1nh m\u00e0 kh\u00f4ng b\u1ecb bi\u1ebfn d\u1ea1ng. C\u1eeda nh\u1ef1a l\u00f5i th\u00e9p c\u00f3 thi\u1ebft k\u1ebf \u0111\u1eb9p m\u1eaft, hi\u1ec7n \u0111\u1ea1i, v\u1edbi nhi\u1ec1u m\u1eabu m\u00e3, m\u00e0u s\u1eafc v\u00e0 ki\u1ec3u d\u00e1ng ph\u00f9 h\u1ee3p cho nhi\u1ec1u kh\u00f4ng gian ki\u1ebfn tr\u00fac kh\u00e1c nhau.<\/p>\n\n\n\n<h4 class=\"wp-block-heading\">2. <strong>C\u1ea5u t\u1ea1o c\u1ee7a c\u1eeda nh\u1ef1a l\u00f5i th\u00e9p<\/strong><\/h4>\n\n\n\n<p>C\u1eeda nh\u1ef1a l\u00f5i th\u00e9p c\u00f3 c\u1ea5u t\u1ea1o kh\u00e1 \u0111\u1eb7c bi\u1ec7t, bao g\u1ed3m nhi\u1ec1u th\u00e0nh ph\u1ea7n quan tr\u1ecdng:<\/p>\n\n\n\n<ul class=\"wp-block-list\">\n<li><strong>Khung nh\u1ef1a uPVC<\/strong>: \u0110\u00e2y l\u00e0 ph\u1ea7n bao quanh c\u1eeda \u0111\u01b0\u1ee3c l\u00e0m t\u1eeb nh\u1ef1a uPVC, m\u1ed9t lo\u1ea1i v\u1eadt li\u1ec7u t\u1ed5ng h\u1ee3p cao c\u1ea5p, c\u00f3 kh\u1ea3 n\u0103ng ch\u1ed1ng m\u1ed1i m\u1ecdt, ch\u1ed1ng n\u01b0\u1edbc v\u00e0 kh\u00f4ng b\u1ecb \u1ea3nh h\u01b0\u1edfng b\u1edfi c\u00e1c y\u1ebfu t\u1ed1 th\u1eddi ti\u1ebft.<\/li>\n\n\n\n<li><strong>L\u00f5i th\u00e9p gia c\u01b0\u1eddng<\/strong>: Thanh th\u00e9p gia c\u01b0\u1eddng n\u1eb1m b\u00ean trong khung nh\u1ef1a gi\u00fap c\u1eeda c\u00f3 \u0111\u1ed9 c\u1ee9ng cao, t\u0103ng kh\u1ea3 n\u0103ng ch\u1ecbu l\u1ef1c v\u00e0 \u0111\u1ea3m b\u1ea3o an to\u00e0n cho ng\u00f4i nh\u00e0.<\/li>\n\n\n\n<li><strong>H\u1ec7 th\u1ed1ng gio\u0103ng cao su<\/strong>: C\u00e1c l\u1edbp gio\u0103ng cao su \u0111\u01b0\u1ee3c l\u1eafp \u0111\u1eb7t gi\u1eefa c\u00e1c b\u1ed9 ph\u1eadn khung v\u00e0 c\u00e1nh c\u1eeda, gi\u00fap c\u1eeda c\u00f3 kh\u1ea3 n\u0103ng k\u00edn kh\u00edt tuy\u1ec7t \u0111\u1ed1i, t\u0103ng c\u01b0\u1eddng kh\u1ea3 n\u0103ng c\u00e1ch \u00e2m v\u00e0 c\u00e1ch nhi\u1ec7t.<\/li>\n\n\n\n<li><strong>K\u00ednh v\u00e0 ph\u1ee5 ki\u1ec7n<\/strong>: C\u1eeda nh\u1ef1a l\u00f5i th\u00e9p c\u00f3 th\u1ec3 l\u1eafp k\u00e8m k\u00ednh c\u01b0\u1eddng l\u1ef1c ho\u1eb7c k\u00ednh c\u00e1ch \u00e2m, t\u00f9y theo y\u00eau c\u1ea7u. Ngo\u00e0i ra, c\u00e1c ph\u1ee5 ki\u1ec7n \u0111i k\u00e8m nh\u01b0 tay n\u1eafm, b\u1ea3n l\u1ec1, kh\u00f3a c\u1eeda \u0111\u1ec1u \u0111\u01b0\u1ee3c l\u00e0m t\u1eeb ch\u1ea5t li\u1ec7u cao c\u1ea5p, \u0111\u1ea3m b\u1ea3o t\u00ednh th\u1ea9m m\u1ef9 v\u00e0 \u0111\u1ed9 b\u1ec1n cao.<\/li>\n<\/ul>\n\n\n\n<h4 class=\"wp-block-heading\">3. <strong>\u01afu \u0111i\u1ec3m c\u1ee7a c\u1eeda nh\u1ef1a l\u00f5i th\u00e9p<\/strong><\/h4>\n\n\n\n<p><strong>Kh\u1ea3 n\u0103ng c\u00e1ch \u00e2m, c\u00e1ch nhi\u1ec7t t\u1ed1t<\/strong>:<\/p>\n\n\n\n<ul class=\"wp-block-list\">\n<li>C\u1eeda nh\u1ef1a l\u00f5i th\u00e9p c\u00f3 kh\u1ea3 n\u0103ng c\u00e1ch \u00e2m v\u00e0 c\u00e1ch nhi\u1ec7t v\u01b0\u1ee3t tr\u1ed9i nh\u1edd v\u00e0o k\u1ebft c\u1ea5u khung nh\u1ef1a uPVC v\u00e0 h\u1ec7 gio\u0103ng cao su k\u00edn kh\u00edt. \u0110\u00e2y l\u00e0 l\u1ef1a ch\u1ecdn l\u00fd t\u01b0\u1edfng cho c\u00e1c khu v\u1ef1c c\u1ea7n s\u1ef1 y\u00ean t\u0129nh nh\u01b0 ph\u00f2ng ng\u1ee7, ph\u00f2ng kh\u00e1ch, hay nh\u1eefng kh\u00f4ng gian ch\u1ecbu \u1ea3nh h\u01b0\u1edfng l\u1edbn t\u1eeb nhi\u1ec7t \u0111\u1ed9 b\u00ean ngo\u00e0i.<\/li>\n<\/ul>\n\n\n\n<p><strong>\u0110\u1ed9 b\u1ec1n cao v\u00e0 ch\u1ed1ng \u0103n m\u00f2n<\/strong>:<\/p>\n\n\n\n<ul class=\"wp-block-list\">\n<li>V\u1edbi l\u1edbp nh\u1ef1a uPVC ch\u1ed1ng m\u1ed1i m\u1ecdt, ch\u1ed1ng th\u1ea5m n\u01b0\u1edbc, v\u00e0 kh\u00f4ng b\u1ecb \u1ea3nh h\u01b0\u1edfng b\u1edfi nhi\u1ec7t \u0111\u1ed9 hay tia UV, c\u1eeda nh\u1ef1a l\u00f5i th\u00e9p c\u00f3 \u0111\u1ed9 b\u1ec1n r\u1ea5t cao, kh\u00f4ng b\u1ecb g\u1ec9 s\u00e9t hay xu\u1ed1ng c\u1ea5p sau th\u1eddi gian d\u00e0i s\u1eed d\u1ee5ng. Thanh th\u00e9p gia c\u01b0\u1eddng b\u00ean trong khung c\u1eeda gi\u00fap t\u0103ng \u0111\u1ed9 c\u1ee9ng, \u0111\u1ea3m b\u1ea3o c\u1eeda kh\u00f4ng b\u1ecb bi\u1ebfn d\u1ea1ng khi ch\u1ecbu t\u00e1c \u0111\u1ed9ng m\u1ea1nh.<\/li>\n<\/ul>\n\n\n\n<p><strong>An to\u00e0n v\u00e0 b\u1ea3o m\u1eadt<\/strong>:<\/p>\n\n\n\n<ul class=\"wp-block-list\">\n<li>C\u1eeda nh\u1ef1a l\u00f5i th\u00e9p c\u00f3 \u0111\u1ed9 an to\u00e0n cao, nh\u1edd v\u00e0o h\u1ec7 th\u1ed1ng l\u00f5i th\u00e9p gia c\u01b0\u1eddng v\u00e0 ph\u1ee5 ki\u1ec7n \u0111i k\u00e8m nh\u01b0 kh\u00f3a \u0111a \u0111i\u1ec3m, b\u1ea3n l\u1ec1 cao c\u1ea5p. \u0110i\u1ec1u n\u00e0y gi\u00fap c\u1eeda tr\u1edf n\u00ean v\u1eefng ch\u1eafc h\u01a1n, kh\u00f3 c\u00f3 th\u1ec3 b\u1ecb c\u1ea1y ph\u00e1, b\u1ea3o v\u1ec7 t\u1ed1i \u0111a cho ng\u00f4i nh\u00e0 c\u1ee7a b\u1ea1n.<\/li>\n<\/ul>\n\n\n\n<p><strong>Ti\u1ebft ki\u1ec7m n\u0103ng l\u01b0\u1ee3ng<\/strong>:<\/p>\n\n\n\n<ul class=\"wp-block-list\">\n<li>V\u1edbi kh\u1ea3 n\u0103ng c\u00e1ch nhi\u1ec7t t\u1ed1t, c\u1eeda nh\u1ef1a l\u00f5i th\u00e9p gi\u00fap gi\u1eef nhi\u1ec7t \u0111\u1ed9 \u1ed5n \u0111\u1ecbnh b\u00ean trong nh\u00e0, gi\u1ea3m thi\u1ec3u s\u1ef1 th\u1ea5t tho\u00e1t nhi\u1ec7t v\u00e0o m\u00f9a \u0111\u00f4ng v\u00e0 gi\u1eef kh\u00f4ng gian m\u00e1t m\u1ebb v\u00e0o m\u00f9a h\u00e8. \u0110i\u1ec1u n\u00e0y gi\u00fap ti\u1ebft ki\u1ec7m n\u0103ng l\u01b0\u1ee3ng cho h\u1ec7 th\u1ed1ng \u0111i\u1ec1u h\u00f2a, qu\u1ea1t m\u00e1y, v\u00e0 c\u00e1c thi\u1ebft b\u1ecb l\u00e0m m\u00e1t kh\u00e1c.<\/li>\n<\/ul>\n\n\n\n<p><strong>D\u1ec5 d\u00e0ng b\u1ea3o tr\u00ec, v\u1ec7 sinh<\/strong>:<\/p>\n\n\n\n<ul class=\"wp-block-list\">\n<li>Kh\u00e1c v\u1edbi c\u1eeda g\u1ed7 d\u1ec5 b\u1ecb m\u1ed1i m\u1ecdt, cong v\u00eanh ho\u1eb7c c\u1eeda s\u1eaft d\u1ec5 b\u1ecb g\u1ec9 s\u00e9t, c\u1eeda nh\u1ef1a l\u00f5i th\u00e9p kh\u00f4ng y\u00eau c\u1ea7u b\u1ea3o tr\u00ec th\u01b0\u1eddng xuy\u00ean v\u00e0 r\u1ea5t d\u1ec5 d\u00e0ng v\u1ec7 sinh. Ch\u1ec9 c\u1ea7n lau ch\u00f9i b\u1eb1ng kh\u0103n m\u1ec1m v\u00e0 n\u01b0\u1edbc s\u1ea1ch, c\u1eeda s\u1ebd lu\u00f4n gi\u1eef \u0111\u01b0\u1ee3c v\u1ebb s\u00e1ng b\u00f3ng v\u00e0 m\u1edbi m\u1ebb.<\/li>\n<\/ul>\n\n\n\n<p><strong>Th\u1ea9m m\u1ef9 v\u00e0 hi\u1ec7n \u0111\u1ea1i<\/strong>:<\/p>\n\n\n\n<ul class=\"wp-block-list\">\n<li>C\u1eeda nh\u1ef1a l\u00f5i th\u00e9p c\u00f3 thi\u1ebft k\u1ebf \u0111\u1eb9p m\u1eaft v\u1edbi nhi\u1ec1u m\u00e0u s\u1eafc, ki\u1ec3u d\u00e1ng kh\u00e1c nhau, t\u1eeb c\u1eeda m\u1edf quay, c\u1eeda l\u00f9a cho \u0111\u1ebfn c\u1eeda x\u1ebfp g\u1ea5p. Kh\u00e1ch h\u00e0ng c\u00f3 th\u1ec3 l\u1ef1a ch\u1ecdn c\u00e1c ki\u1ec3u c\u1eeda ph\u00f9 h\u1ee3p v\u1edbi ki\u1ebfn tr\u00fac t\u1ed5ng th\u1ec3 c\u1ee7a ng\u00f4i nh\u00e0, mang \u0111\u1ebfn s\u1ef1 \u0111\u1ed3ng b\u1ed9 v\u00e0 sang tr\u1ecdng cho kh\u00f4ng gian s\u1ed1ng.<\/li>\n<\/ul>\n\n\n\n<h4 class=\"wp-block-heading\">4. <strong>\u1ee8ng d\u1ee5ng c\u1ee7a c\u1eeda nh\u1ef1a l\u00f5i th\u00e9p<\/strong><\/h4>\n\n\n\n<p>C\u1eeda nh\u1ef1a l\u00f5i th\u00e9p c\u00f3 th\u1ec3 \u0111\u01b0\u1ee3c \u1ee9ng d\u1ee5ng trong nhi\u1ec1u c\u00f4ng tr\u00ecnh kh\u00e1c nhau, bao g\u1ed3m:<\/p>\n\n\n\n<ul class=\"wp-block-list\">\n<li><strong>Nh\u00e0 \u1edf v\u00e0 c\u0103n h\u1ed9<\/strong>: C\u1eeda nh\u1ef1a l\u00f5i th\u00e9p \u0111\u01b0\u1ee3c s\u1eed d\u1ee5ng r\u1ed9ng r\u00e3i cho c\u1eeda \u0111i ch\u00ednh, c\u1eeda s\u1ed5, c\u1eeda ra ban c\u00f4ng trong c\u00e1c ng\u00f4i nh\u00e0 ho\u1eb7c c\u0103n h\u1ed9 hi\u1ec7n \u0111\u1ea1i. V\u1edbi kh\u1ea3 n\u0103ng c\u00e1ch \u00e2m, c\u00e1ch nhi\u1ec7t t\u1ed1t, c\u1eeda gi\u00fap b\u1ea3o v\u1ec7 kh\u00f4ng gian s\u1ed1ng v\u00e0 t\u0103ng t\u00ednh th\u1ea9m m\u1ef9 cho ng\u00f4i nh\u00e0.<\/li>\n\n\n\n<li><strong>V\u0103n ph\u00f2ng v\u00e0 t\u00f2a nh\u00e0 th\u01b0\u01a1ng m\u1ea1i<\/strong>: Trong c\u00e1c c\u00f4ng tr\u00ecnh v\u0103n ph\u00f2ng ho\u1eb7c t\u00f2a nh\u00e0 th\u01b0\u01a1ng m\u1ea1i, c\u1eeda nh\u1ef1a l\u00f5i th\u00e9p th\u01b0\u1eddng \u0111\u01b0\u1ee3c s\u1eed d\u1ee5ng cho c\u00e1c khu v\u1ef1c nh\u01b0 ph\u00f2ng h\u1ecdp, c\u1eeda ch\u00ednh ra v\u00e0o, c\u1eeda s\u1ed5 \u0111\u1ec3 t\u1ea1o kh\u00f4ng gian l\u00e0m vi\u1ec7c y\u00ean t\u0129nh v\u00e0 tho\u00e1ng \u0111\u00e3ng.<\/li>\n\n\n\n<li><strong>Khu v\u1ef1c c\u00f4ng c\u1ed9ng<\/strong>: C\u00e1c c\u1eeda s\u1ed5, c\u1eeda ra v\u00e0o t\u1ea1i b\u1ec7nh vi\u1ec7n, tr\u01b0\u1eddng h\u1ecdc, v\u00e0 c\u00e1c c\u00f4ng tr\u00ecnh c\u00f4ng c\u1ed9ng kh\u00e1c c\u0169ng th\u01b0\u1eddng s\u1eed d\u1ee5ng c\u1eeda nh\u1ef1a l\u00f5i th\u00e9p v\u00ec t\u00ednh b\u1ec1n b\u1ec9 v\u00e0 d\u1ec5 b\u1ea3o tr\u00ec.<\/li>\n<\/ul>\n\n\n\n<h4 class=\"wp-block-heading\">5. <strong>T\u1ea1i sao n\u00ean ch\u1ecdn c\u1eeda nh\u1ef1a l\u00f5i th\u00e9p?<\/strong><\/h4>\n\n\n\n<ul class=\"wp-block-list\">\n<li><strong>Gi\u00e1 th\u00e0nh h\u1ee3p l\u00fd<\/strong>: So v\u1edbi c\u00e1c lo\u1ea1i c\u1eeda g\u1ed7 t\u1ef1 nhi\u00ean hay c\u1eeda nh\u00f4m k\u00ednh cao c\u1ea5p, c\u1eeda nh\u1ef1a l\u00f5i th\u00e9p c\u00f3 m\u1ee9c gi\u00e1 ph\u1ea3i ch\u0103ng h\u01a1n m\u00e0 v\u1eabn \u0111\u1ea3m b\u1ea3o ch\u1ea5t l\u01b0\u1ee3ng v\u00e0 t\u00ednh n\u0103ng v\u01b0\u1ee3t tr\u1ed9i.<\/li>\n\n\n\n<li><strong>An to\u00e0n v\u00e0 b\u1ec1n b\u1ec9<\/strong>: Nh\u1edd v\u00e0o c\u1ea5u tr\u00fac l\u00f5i th\u00e9p gia c\u01b0\u1eddng, c\u1eeda nh\u1ef1a l\u00f5i th\u00e9p c\u00f3 kh\u1ea3 n\u0103ng ch\u1ecbu l\u1ef1c t\u1ed1t v\u00e0 \u0111\u1ea3m b\u1ea3o an to\u00e0n cho ng\u01b0\u1eddi s\u1eed d\u1ee5ng, \u0111\u1ed3ng th\u1eddi c\u00f3 tu\u1ed5i th\u1ecd cao.<\/li>\n\n\n\n<li><strong>Th\u00edch h\u1ee3p v\u1edbi nhi\u1ec1u kh\u00f4ng gian<\/strong>: C\u1eeda nh\u1ef1a l\u00f5i th\u00e9p c\u00f3 th\u1ec3 \u0111\u01b0\u1ee3c t\u00f9y ch\u1ec9nh k\u00edch th\u01b0\u1edbc, m\u00e0u s\u1eafc, v\u00e0 ki\u1ec3u d\u00e1ng theo y\u00eau c\u1ea7u, gi\u00fap n\u00f3 ph\u00f9 h\u1ee3p v\u1edbi m\u1ecdi lo\u1ea1i c\u00f4ng tr\u00ecnh t\u1eeb nh\u00e0 \u1edf d\u00e2n d\u1ee5ng cho \u0111\u1ebfn c\u00e1c t\u00f2a nh\u00e0 th\u01b0\u01a1ng m\u1ea1i l\u1edbn.<\/li>\n<\/ul>\n\n\n\n<h3 class=\"wp-block-heading\">T\u00f3m L\u1ea1i <\/h3>\n\n\n\n<p>C\u1eeda nh\u1ef1a l\u00f5i th\u00e9p l\u00e0 gi\u1ea3i ph\u00e1p l\u00fd t\u01b0\u1edfng cho nh\u1eefng ai \u0111ang t\u00ecm ki\u1ebfm m\u1ed9t lo\u1ea1i c\u1eeda hi\u1ec7n \u0111\u1ea1i, b\u1ec1n b\u1ec9 v\u00e0 c\u00f3 kh\u1ea3 n\u0103ng c\u00e1ch \u00e2m, c\u00e1ch nhi\u1ec7t t\u1ed1t. V\u1edbi nhi\u1ec1u \u01b0u \u0111i\u1ec3m v\u01b0\u1ee3t tr\u1ed9i, c\u1eeda nh\u1ef1a l\u00f5i th\u00e9p kh\u00f4ng ch\u1ec9 mang l\u1ea1i s\u1ef1 ti\u1ec7n nghi, an to\u00e0n m\u00e0 c\u00f2n g\u00f3p ph\u1ea7n t\u1ea1o n\u00ean v\u1ebb \u0111\u1eb9p hi\u1ec7n \u0111\u1ea1i, sang tr\u1ecdng cho ng\u00f4i nh\u00e0 c\u1ee7a b\u1ea1n. H\u00e3y l\u1ef1a ch\u1ecdn c\u1eeda nh\u1ef1a l\u00f5i th\u00e9p \u0111\u1ec3 b\u1ea3o v\u1ec7 v\u00e0 n\u00e2ng c\u1ea5p kh\u00f4ng gian s\u1ed1ng c\u1ee7a b\u1ea1n m\u1ed9t c\u00e1ch t\u1ed1i \u01b0u nh\u1ea5t!<\/p>\n","protected":false},"excerpt":{"rendered":"<p>C\u1eeda Nh\u1ef1a L\u00f5i Th\u00e9p: Gi\u1ea3i Ph\u00e1p Hi\u1ec7n \u0110\u1ea1i Cho Ng\u00f4i Nh\u00e0 Ti\u1ec7n Nghi C\u1eeda nh\u1ef1a<\/p>\n","protected":false},"author":1,"featured_media":0,"parent":0,"menu_order":0,"comment_status":"closed","ping_status":"closed","template":"","meta":{"footnotes":""},"class_list":["post-108","page","type-page","status-publish","hentry"],"_links":{"self":[{"href":"https:\/\/dichvusuacuasaigon.com\/index.php\/wp-json\/wp\/v2\/pages\/108","targetHints":{"allow":["GET"]}}],"collection":[{"href":"https:\/\/dichvusuacuasaigon.com\/index.php\/wp-json\/wp\/v2\/pages"}],"about":[{"href":"https:\/\/dichvusuacuasaigon.com\/index.php\/wp-json\/wp\/v2\/types\/page"}],"author":[{"embeddable":true,"href":"https:\/\/dichvusuacuasaigon.com\/index.php\/wp-json\/wp\/v2\/users\/1"}],"replies":[{"embeddable":true,"href":"https:\/\/dichvusuacuasaigon.com\/index.php\/wp-json\/wp\/v2\/comments?post=108"}],"version-history":[{"count":2,"href":"https:\/\/dichvusuacuasaigon.com\/index.php\/wp-json\/wp\/v2\/pages\/108\/revisions"}],"predecessor-version":[{"id":277,"href":"https:\/\/dichvusuacuasaigon.com\/index.php\/wp-json\/wp\/v2\/pages\/108\/revisions\/277"}],"wp:attachment":[{"href":"https:\/\/dichvusuacuasaigon.com\/index.php\/wp-json\/wp\/v2\/media?parent=108"}],"curies":[{"name":"wp","href":"https:\/\/api.w.org\/{rel}","templated":true}]}}